{"id":14,"date":"2016-06-17T11:07:32","date_gmt":"2016-06-17T09:07:32","guid":{"rendered":"http:\/\/xn--von-der-muse-geksst-lbc.de\/?page_id=14"},"modified":"2020-03-04T11:27:32","modified_gmt":"2020-03-04T10:27:32","slug":"denise","status":"publish","type":"page","link":"http:\/\/www.musenkuesse.com\/?page_id=14","title":{"rendered":"Denise (2015 &#8211; 2016)"},"content":{"rendered":"<p>(Jahrgang 1998)<\/p>\n<p>Denise kenne ich schon, seitdem sie auf dieser Welt ist. Der Zufall wollte es Jahre sp\u00e4ter, da\u00df wir f\u00fcr das Filmprojekt &#8222;Auf der Suche&#8220; (siehe <a href=\"http:\/\/www.musenkuesse.com\/?page_id=12\">Vanny<\/a>) ihre Mithilfe ben\u00f6tigten. Nachdem Vanny aus beruflichen Gr\u00fcnden die Region verlie\u00df, hatte ich pl\u00f6tzlich kein Modell mehr, aber immer noch viele Ideen. Kurzerhand fragte ich bei Denise nach, ob sie sich vorstellen k\u00f6nnte, Vanny zu vertreten. Sie konnte und war beim ersten Shooting so begeistert bei der Sache, so da\u00df wir beschlossen, weiter zusammenzuarbeiten.<\/p>\n\n\t\t<style type=\"text\/css\">\n\t\t\t#gallery-1 {\n\t\t\t\tmargin: auto;\n\t\t\t}\n\t\t\t#gallery-1 .gallery-item {\n\t\t\t\tfloat: left;\n\t\t\t\tmargin-top: 10px;\n\t\t\t\ttext-align: center;\n\t\t\t\twidth: 33%;\n\t\t\t}\n\t\t\t#gallery-1 img {\n\t\t\t\tborder: 2px solid #cfcfcf;\n\t\t\t}\n\t\t\t#gallery-1 .gallery-caption {\n\t\t\t\tmargin-left: 0;\n\t\t\t}\n\t\t\t\/* see gallery_shortcode() in wp-includes\/media.php *\/\n\t\t<\/style>\n\t\t<div id='gallery-1' class='gallery galleryid-14 gallery-columns-3 gallery-size-medium'><dl class='gallery-item'>\n\t\t\t<dt class='gallery-icon landscape'>\n\t\t\t\t<img width=\"300\" height=\"200\" src=\"http:\/\/www.musenkuesse.com\/wp-content\/uploads\/2016\/06\/2015-07-25_Denise_cThori-001-300x200.jpg\" class=\"attachment-medium size-medium\" alt=\"\" decoding=\"async\" loading=\"lazy\" srcset=\"http:\/\/www.musenkuesse.com\/wp-content\/uploads\/2016\/06\/2015-07-25_Denise_cThori-001-300x200.jpg 300w, http:\/\/www.musenkuesse.com\/wp-content\/uploads\/2016\/06\/2015-07-25_Denise_cThori-001-768x513.jpg 768w, http:\/\/www.musenkuesse.com\/wp-content\/uploads\/2016\/06\/2015-07-25_Denise_cThori-001.jpg 800w\" sizes=\"(max-width: 300px) 100vw, 300px\" \/>\n\t\t\t<\/dt><\/dl><dl class='gallery-item'>\n\t\t\t<dt class='gallery-icon portrait'>\n\t\t\t\t<img width=\"200\" height=\"300\" src=\"http:\/\/www.musenkuesse.com\/wp-content\/uploads\/2016\/06\/2015-07-25_Denise_cThori-002-200x300.jpg\" class=\"attachment-medium size-medium\" alt=\"\" decoding=\"async\" loading=\"lazy\" srcset=\"http:\/\/www.musenkuesse.com\/wp-content\/uploads\/2016\/06\/2015-07-25_Denise_cThori-002-200x300.jpg 200w, http:\/\/www.musenkuesse.com\/wp-content\/uploads\/2016\/06\/2015-07-25_Denise_cThori-002.jpg 534w\" sizes=\"(max-width: 200px) 100vw, 200px\" \/>\n\t\t\t<\/dt><\/dl><dl class='gallery-item'>\n\t\t\t<dt class='gallery-icon portrait'>\n\t\t\t\t<img width=\"200\" height=\"300\" src=\"http:\/\/www.musenkuesse.com\/wp-content\/uploads\/2016\/06\/2015-08-05_Denise_cThori-007-200x300.jpg\" class=\"attachment-medium size-medium\" alt=\"\" decoding=\"async\" loading=\"lazy\" srcset=\"http:\/\/www.musenkuesse.com\/wp-content\/uploads\/2016\/06\/2015-08-05_Denise_cThori-007-200x300.jpg 200w, http:\/\/www.musenkuesse.com\/wp-content\/uploads\/2016\/06\/2015-08-05_Denise_cThori-007.jpg 534w\" sizes=\"(max-width: 200px) 100vw, 200px\" \/>\n\t\t\t<\/dt><\/dl><br style=\"clear: both\" \/><dl class='gallery-item'>\n\t\t\t<dt class='gallery-icon landscape'>\n\t\t\t\t<img width=\"300\" height=\"200\" src=\"http:\/\/www.musenkuesse.com\/wp-content\/uploads\/2016\/06\/2015-07-27_Denise_cThori-003-300x200.jpg\" class=\"attachment-medium size-medium\" alt=\"\" decoding=\"async\" loading=\"lazy\" srcset=\"http:\/\/www.musenkuesse.com\/wp-content\/uploads\/2016\/06\/2015-07-27_Denise_cThori-003-300x200.jpg 300w, http:\/\/www.musenkuesse.com\/wp-content\/uploads\/2016\/06\/2015-07-27_Denise_cThori-003-768x513.jpg 768w, http:\/\/www.musenkuesse.com\/wp-content\/uploads\/2016\/06\/2015-07-27_Denise_cThori-003.jpg 800w\" sizes=\"(max-width: 300px) 100vw, 300px\" \/>\n\t\t\t<\/dt><\/dl><dl class='gallery-item'>\n\t\t\t<dt class='gallery-icon landscape'>\n\t\t\t\t<img width=\"300\" height=\"200\" src=\"http:\/\/www.musenkuesse.com\/wp-content\/uploads\/2016\/06\/2015-08-05_Denise_cThori-004-300x200.jpg\" class=\"attachment-medium size-medium\" alt=\"\" decoding=\"async\" loading=\"lazy\" srcset=\"http:\/\/www.musenkuesse.com\/wp-content\/uploads\/2016\/06\/2015-08-05_Denise_cThori-004-300x200.jpg 300w, http:\/\/www.musenkuesse.com\/wp-content\/uploads\/2016\/06\/2015-08-05_Denise_cThori-004-768x513.jpg 768w, http:\/\/www.musenkuesse.com\/wp-content\/uploads\/2016\/06\/2015-08-05_Denise_cThori-004.jpg 800w\" sizes=\"(max-width: 300px) 100vw, 300px\" \/>\n\t\t\t<\/dt><\/dl><dl class='gallery-item'>\n\t\t\t<dt class='gallery-icon landscape'>\n\t\t\t\t<img width=\"300\" height=\"200\" src=\"http:\/\/www.musenkuesse.com\/wp-content\/uploads\/2016\/06\/2015-08-05_Denise_cThori-005-300x200.jpg\" class=\"attachment-medium size-medium\" alt=\"\" decoding=\"async\" loading=\"lazy\" srcset=\"http:\/\/www.musenkuesse.com\/wp-content\/uploads\/2016\/06\/2015-08-05_Denise_cThori-005-300x200.jpg 300w, http:\/\/www.musenkuesse.com\/wp-content\/uploads\/2016\/06\/2015-08-05_Denise_cThori-005-768x513.jpg 768w, http:\/\/www.musenkuesse.com\/wp-content\/uploads\/2016\/06\/2015-08-05_Denise_cThori-005.jpg 800w\" sizes=\"(max-width: 300px) 100vw, 300px\" \/>\n\t\t\t<\/dt><\/dl><br style=\"clear: both\" \/><dl class='gallery-item'>\n\t\t\t<dt class='gallery-icon landscape'>\n\t\t\t\t<img width=\"300\" height=\"200\" src=\"http:\/\/www.musenkuesse.com\/wp-content\/uploads\/2016\/06\/2015-08-05_Denise_cThori-006-300x200.jpg\" class=\"attachment-medium size-medium\" alt=\"\" decoding=\"async\" loading=\"lazy\" srcset=\"http:\/\/www.musenkuesse.com\/wp-content\/uploads\/2016\/06\/2015-08-05_Denise_cThori-006-300x200.jpg 300w, http:\/\/www.musenkuesse.com\/wp-content\/uploads\/2016\/06\/2015-08-05_Denise_cThori-006-768x513.jpg 768w, http:\/\/www.musenkuesse.com\/wp-content\/uploads\/2016\/06\/2015-08-05_Denise_cThori-006.jpg 800w\" sizes=\"(max-width: 300px) 100vw, 300px\" \/>\n\t\t\t<\/dt><\/dl>\n\t\t\t<br style='clear: both' \/>\n\t\t<\/div>\n\n<p>Nach dem 7. Shooting gab es eine klitzekleine optische Ver\u00e4nderung bei Denise. Was und warum &#8211; <a href=\"http:\/\/www.musenkuesse.com\/?page_id=185\">hier gibt es die Antwort!<\/a><\/p>\n\n\t\t<style type=\"text\/css\">\n\t\t\t#gallery-2 {\n\t\t\t\tmargin: auto;\n\t\t\t}\n\t\t\t#gallery-2 .gallery-item {\n\t\t\t\tfloat: left;\n\t\t\t\tmargin-top: 10px;\n\t\t\t\ttext-align: center;\n\t\t\t\twidth: 33%;\n\t\t\t}\n\t\t\t#gallery-2 img {\n\t\t\t\tborder: 2px solid #cfcfcf;\n\t\t\t}\n\t\t\t#gallery-2 .gallery-caption {\n\t\t\t\tmargin-left: 0;\n\t\t\t}\n\t\t\t\/* see gallery_shortcode() in wp-includes\/media.php *\/\n\t\t<\/style>\n\t\t<div id='gallery-2' class='gallery galleryid-14 gallery-columns-3 gallery-size-medium'><dl class='gallery-item'>\n\t\t\t<dt class='gallery-icon portrait'>\n\t\t\t\t<img width=\"200\" height=\"300\" src=\"http:\/\/www.musenkuesse.com\/wp-content\/uploads\/2016\/06\/2015-10-24_Denise_cThori-008-200x300.jpg\" class=\"attachment-medium size-medium\" alt=\"\" decoding=\"async\" loading=\"lazy\" srcset=\"http:\/\/www.musenkuesse.com\/wp-content\/uploads\/2016\/06\/2015-10-24_Denise_cThori-008-200x300.jpg 200w, http:\/\/www.musenkuesse.com\/wp-content\/uploads\/2016\/06\/2015-10-24_Denise_cThori-008.jpg 534w\" sizes=\"(max-width: 200px) 100vw, 200px\" \/>\n\t\t\t<\/dt><\/dl><dl class='gallery-item'>\n\t\t\t<dt class='gallery-icon portrait'>\n\t\t\t\t<img width=\"200\" height=\"300\" src=\"http:\/\/www.musenkuesse.com\/wp-content\/uploads\/2016\/06\/2015-10-24_Denise_cThori-010-200x300.jpg\" class=\"attachment-medium size-medium\" alt=\"\" decoding=\"async\" loading=\"lazy\" srcset=\"http:\/\/www.musenkuesse.com\/wp-content\/uploads\/2016\/06\/2015-10-24_Denise_cThori-010-200x300.jpg 200w, http:\/\/www.musenkuesse.com\/wp-content\/uploads\/2016\/06\/2015-10-24_Denise_cThori-010.jpg 534w\" sizes=\"(max-width: 200px) 100vw, 200px\" \/>\n\t\t\t<\/dt><\/dl><dl class='gallery-item'>\n\t\t\t<dt class='gallery-icon portrait'>\n\t\t\t\t<img width=\"225\" height=\"300\" src=\"http:\/\/www.musenkuesse.com\/wp-content\/uploads\/2016\/06\/2016-05-17_Denise_cThori-020-225x300.jpg\" class=\"attachment-medium size-medium\" alt=\"\" decoding=\"async\" loading=\"lazy\" srcset=\"http:\/\/www.musenkuesse.com\/wp-content\/uploads\/2016\/06\/2016-05-17_Denise_cThori-020-225x300.jpg 225w, http:\/\/www.musenkuesse.com\/wp-content\/uploads\/2016\/06\/2016-05-17_Denise_cThori-020.jpg 600w\" sizes=\"(max-width: 225px) 100vw, 225px\" \/>\n\t\t\t<\/dt><\/dl><br style=\"clear: both\" \/><dl class='gallery-item'>\n\t\t\t<dt class='gallery-icon landscape'>\n\t\t\t\t<img width=\"300\" height=\"200\" src=\"http:\/\/www.musenkuesse.com\/wp-content\/uploads\/2016\/06\/2015-10-24_Denise_cThori-011-300x200.jpg\" class=\"attachment-medium size-medium\" alt=\"\" decoding=\"async\" loading=\"lazy\" srcset=\"http:\/\/www.musenkuesse.com\/wp-content\/uploads\/2016\/06\/2015-10-24_Denise_cThori-011-300x200.jpg 300w, http:\/\/www.musenkuesse.com\/wp-content\/uploads\/2016\/06\/2015-10-24_Denise_cThori-011-768x513.jpg 768w, http:\/\/www.musenkuesse.com\/wp-content\/uploads\/2016\/06\/2015-10-24_Denise_cThori-011.jpg 800w\" sizes=\"(max-width: 300px) 100vw, 300px\" \/>\n\t\t\t<\/dt><\/dl><dl class='gallery-item'>\n\t\t\t<dt class='gallery-icon landscape'>\n\t\t\t\t<img width=\"300\" height=\"225\" src=\"http:\/\/www.musenkuesse.com\/wp-content\/uploads\/2016\/06\/2016-05-17_Denise_cThori-019-300x225.jpg\" class=\"attachment-medium size-medium\" alt=\"\" decoding=\"async\" loading=\"lazy\" srcset=\"http:\/\/www.musenkuesse.com\/wp-content\/uploads\/2016\/06\/2016-05-17_Denise_cThori-019-300x225.jpg 300w, http:\/\/www.musenkuesse.com\/wp-content\/uploads\/2016\/06\/2016-05-17_Denise_cThori-019-768x576.jpg 768w, http:\/\/www.musenkuesse.com\/wp-content\/uploads\/2016\/06\/2016-05-17_Denise_cThori-019.jpg 800w\" sizes=\"(max-width: 300px) 100vw, 300px\" \/>\n\t\t\t<\/dt><\/dl><dl class='gallery-item'>\n\t\t\t<dt class='gallery-icon landscape'>\n\t\t\t\t<img width=\"300\" height=\"200\" src=\"http:\/\/www.musenkuesse.com\/wp-content\/uploads\/2016\/06\/2015-10-24_Denise_cThori-009-300x200.jpg\" class=\"attachment-medium size-medium\" alt=\"\" decoding=\"async\" loading=\"lazy\" srcset=\"http:\/\/www.musenkuesse.com\/wp-content\/uploads\/2016\/06\/2015-10-24_Denise_cThori-009-300x200.jpg 300w, http:\/\/www.musenkuesse.com\/wp-content\/uploads\/2016\/06\/2015-10-24_Denise_cThori-009-768x513.jpg 768w, http:\/\/www.musenkuesse.com\/wp-content\/uploads\/2016\/06\/2015-10-24_Denise_cThori-009.jpg 800w\" sizes=\"(max-width: 300px) 100vw, 300px\" \/>\n\t\t\t<\/dt><\/dl><br style=\"clear: both\" \/><dl class='gallery-item'>\n\t\t\t<dt class='gallery-icon portrait'>\n\t\t\t\t<img width=\"200\" height=\"300\" src=\"http:\/\/www.musenkuesse.com\/wp-content\/uploads\/2016\/06\/2016-03-13_Denise_cThori-012-200x300.jpg\" class=\"attachment-medium size-medium\" alt=\"\" decoding=\"async\" loading=\"lazy\" srcset=\"http:\/\/www.musenkuesse.com\/wp-content\/uploads\/2016\/06\/2016-03-13_Denise_cThori-012-200x300.jpg 200w, http:\/\/www.musenkuesse.com\/wp-content\/uploads\/2016\/06\/2016-03-13_Denise_cThori-012.jpg 534w\" sizes=\"(max-width: 200px) 100vw, 200px\" \/>\n\t\t\t<\/dt><\/dl><dl class='gallery-item'>\n\t\t\t<dt class='gallery-icon portrait'>\n\t\t\t\t<img width=\"200\" height=\"300\" src=\"http:\/\/www.musenkuesse.com\/wp-content\/uploads\/2016\/06\/2016-03-13_Denise_cThori-013-200x300.jpg\" class=\"attachment-medium size-medium\" alt=\"\" decoding=\"async\" loading=\"lazy\" srcset=\"http:\/\/www.musenkuesse.com\/wp-content\/uploads\/2016\/06\/2016-03-13_Denise_cThori-013-200x300.jpg 200w, http:\/\/www.musenkuesse.com\/wp-content\/uploads\/2016\/06\/2016-03-13_Denise_cThori-013.jpg 534w\" sizes=\"(max-width: 200px) 100vw, 200px\" \/>\n\t\t\t<\/dt><\/dl><dl class='gallery-item'>\n\t\t\t<dt class='gallery-icon portrait'>\n\t\t\t\t<img width=\"200\" height=\"300\" src=\"http:\/\/www.musenkuesse.com\/wp-content\/uploads\/2016\/06\/2016-03-13_Denise_cThori-014-200x300.jpg\" class=\"attachment-medium size-medium\" alt=\"\" decoding=\"async\" loading=\"lazy\" srcset=\"http:\/\/www.musenkuesse.com\/wp-content\/uploads\/2016\/06\/2016-03-13_Denise_cThori-014-200x300.jpg 200w, http:\/\/www.musenkuesse.com\/wp-content\/uploads\/2016\/06\/2016-03-13_Denise_cThori-014.jpg 534w\" sizes=\"(max-width: 200px) 100vw, 200px\" \/>\n\t\t\t<\/dt><\/dl><br style=\"clear: both\" \/>\n\t\t<\/div>\n\n<p><a href=\"http:\/\/www.musenkuesse.com\/?page_id=212\">Zur Setcard<\/a><\/p>\n","protected":false},"excerpt":{"rendered":"<p>(Jahrgang 1998) Denise kenne ich schon, seitdem sie auf dieser Welt ist. Der Zufall wollte es Jahre sp\u00e4ter, da\u00df wir f\u00fcr das Filmprojekt &#8222;Auf der Suche&#8220; (siehe Vanny) ihre Mithilfe ben\u00f6tigten. Nachdem Vanny aus beruflichen Gr\u00fcnden die Region verlie\u00df, hatte ich pl\u00f6tzlich kein Modell mehr, aber immer noch viele Ideen. Kurzerhand fragte ich bei Denise nach, ob sie sich vorstellen [&hellip;]<\/p>\n","protected":false},"author":1,"featured_media":0,"parent":8,"menu_order":2,"comment_status":"open","ping_status":"closed","template":"","meta":[],"_links":{"self":[{"href":"http:\/\/www.musenkuesse.com\/index.php?rest_route=\/wp\/v2\/pages\/14"}],"collection":[{"href":"http:\/\/www.musenkuesse.com\/index.php?rest_route=\/wp\/v2\/pages"}],"about":[{"href":"http:\/\/www.musenkuesse.com\/index.php?rest_route=\/wp\/v2\/types\/page"}],"author":[{"embeddable":true,"href":"http:\/\/www.musenkuesse.com\/index.php?rest_route=\/wp\/v2\/users\/1"}],"replies":[{"embeddable":true,"href":"http:\/\/www.musenkuesse.com\/index.php?rest_route=%2Fwp%2Fv2%2Fcomments&post=14"}],"version-history":[{"count":17,"href":"http:\/\/www.musenkuesse.com\/index.php?rest_route=\/wp\/v2\/pages\/14\/revisions"}],"predecessor-version":[{"id":626,"href":"http:\/\/www.musenkuesse.com\/index.php?rest_route=\/wp\/v2\/pages\/14\/revisions\/626"}],"up":[{"embeddable":true,"href":"http:\/\/www.musenkuesse.com\/index.php?rest_route=\/wp\/v2\/pages\/8"}],"wp:attachment":[{"href":"http:\/\/www.musenkuesse.com\/index.php?rest_route=%2Fwp%2Fv2%2Fmedia&parent=14"}],"curies":[{"name":"wp","href":"https:\/\/api.w.org\/{rel}","templated":true}]}}